{"id":2734,"date":"2026-06-11T10:41:41","date_gmt":"2026-06-11T08:41:41","guid":{"rendered":"https:\/\/www.military.ch\/reconvilier\/new_site\/?page_id=2734"},"modified":"2026-08-04T21:17:33","modified_gmt":"2026-08-04T19:17:33","slug":"programme","status":"publish","type":"page","link":"https:\/\/www.military.ch\/reconvilier\/new_site\/programme\/","title":{"rendered":"Programme"},"content":{"rendered":"<h2>Programme<\/h2>\n<div style=\"width:120px;height:4px;background:#556b2f;margin:15px 0 25px 0;\"><\/div>\n<p><strong>Fran\u00e7ais :<\/strong> Le programme officiel du <strong>Berner Dreikampf 2026<\/strong> est disponible en t\u00e9l\u00e9chargement.<\/p>\n<p><strong>Deutsch :<\/strong> Das offizielle Programm des <strong>Berner Dreikampf 2026<\/strong> steht zum Download bereit.<\/p>\n<p><strong>English :<\/strong> The official <strong>Berner Dreikampf 2026<\/strong> programme is available for download.<\/p>\n<div class=\"b3k-program-downloads-v2\">\n  <a href=\"https:\/\/www.military.ch\/reconvilier\/new_site\/wp-content\/uploads\/20260720_Programme_B3K_FR.pdf\" target=\"_blank\" rel=\"noopener\"><span class=\"b3k-download-icon\">&#x1F4C4;<\/span><span class=\"b3k-download-title\">Programme PDF<\/span><strong>Fran\u00e7ais<\/strong><\/a><\/p>\n<p>  <a href=\"https:\/\/www.military.ch\/reconvilier\/new_site\/wp-content\/uploads\/20260720_Programme_B3K_DE.pdf\" target=\"_blank\" rel=\"noopener\"><span class=\"b3k-download-icon\">&#x1F4C4;<\/span><span class=\"b3k-download-title\">Programm PDF<\/span><strong>Deutsch<\/strong><\/a><\/p>\n<p>  <a href=\"https:\/\/www.military.ch\/reconvilier\/new_site\/wp-content\/uploads\/20260720_Programme_B3K_EN.pdf\" target=\"_blank\" rel=\"noopener\"><span class=\"b3k-download-icon\">&#x1F4C4;<\/span><span class=\"b3k-download-title\">Programme PDF<\/span><strong>English<\/strong><\/a>\n<\/div>\n","protected":false},"excerpt":{"rendered":"<p>Programme Fran\u00e7ais : Le programme officiel du Berner Dreikampf 2026 est disponible en t\u00e9l\u00e9chargement. Deutsch : Das offizielle Programm des Berner Dreikampf 2026 steht zum Download bereit. English : The <a class=\"more-link\" href=\"https:\/\/www.military.ch\/reconvilier\/new_site\/programme\/\">Lire la suite&#8230;<\/a><\/p>\n","protected":false},"author":6,"featured_media":0,"parent":0,"menu_order":0,"comment_status":"closed","ping_status":"closed","template":"","meta":{"footnotes":""},"class_list":["post-2734","page","type-page","status-publish","hentry"],"_links":{"self":[{"href":"https:\/\/www.military.ch\/reconvilier\/new_site\/wp-json\/wp\/v2\/pages\/2734","targetHints":{"allow":["GET"]}}],"collection":[{"href":"https:\/\/www.military.ch\/reconvilier\/new_site\/wp-json\/wp\/v2\/pages"}],"about":[{"href":"https:\/\/www.military.ch\/reconvilier\/new_site\/wp-json\/wp\/v2\/types\/page"}],"author":[{"embeddable":true,"href":"https:\/\/www.military.ch\/reconvilier\/new_site\/wp-json\/wp\/v2\/users\/6"}],"replies":[{"embeddable":true,"href":"https:\/\/www.military.ch\/reconvilier\/new_site\/wp-json\/wp\/v2\/comments?post=2734"}],"version-history":[{"count":12,"href":"https:\/\/www.military.ch\/reconvilier\/new_site\/wp-json\/wp\/v2\/pages\/2734\/revisions"}],"predecessor-version":[{"id":2918,"href":"https:\/\/www.military.ch\/reconvilier\/new_site\/wp-json\/wp\/v2\/pages\/2734\/revisions\/2918"}],"wp:attachment":[{"href":"https:\/\/www.military.ch\/reconvilier\/new_site\/wp-json\/wp\/v2\/media?parent=2734"}],"curies":[{"name":"wp","href":"https:\/\/api.w.org\/{rel}","templated":true}]}}

<h2>Programme</h2>
<div style="width:120px;height:4px;background:#556b2f;margin:15px 0 25px 0;"></div>
<p><strong>Français :</strong> Le programme officiel du <strong>Berner Dreikampf 2026</strong> est disponible en téléchargement.</p>
<p><strong>Deutsch :</strong> Das offizielle Programm des <strong>Berner Dreikampf 2026</strong> steht zum Download bereit.</p>
<p><strong>English :</strong> The official <strong>Berner Dreikampf 2026</strong> programme is available for download.</p>
<div class="b3k-program-downloads-v2">
  <a href="https://www.military.ch/reconvilier/new_site/wp-content/uploads/20260720_Programme_B3K_FR.pdf" target="_blank" rel="noopener"><span class="b3k-download-icon">&#x1F4C4;</span><span class="b3k-download-title">Programme PDF</span><strong>Français</strong></a></p>
<p>  <a href="https://www.military.ch/reconvilier/new_site/wp-content/uploads/20260720_Programme_B3K_DE.pdf" target="_blank" rel="noopener"><span class="b3k-download-icon">&#x1F4C4;</span><span class="b3k-download-title">Programm PDF</span><strong>Deutsch</strong></a></p>
<p>  <a href="https://www.military.ch/reconvilier/new_site/wp-content/uploads/20260720_Programme_B3K_EN.pdf" target="_blank" rel="noopener"><span class="b3k-download-icon">&#x1F4C4;</span><span class="b3k-download-title">Programme PDF</span><strong>English</strong></a>
</div>

<p>Programme Français : Le programme officiel du Berner Dreikampf 2026 est disponible en téléchargement. Deutsch : Das offizielle Programm des Berner Dreikampf 2026 steht zum Download bereit. English : The <a class="more-link" href="https://www.military.ch/reconvilier/new_site/programme/">Lire la suite&#8230;</a></p>
