{"id":2746,"date":"2026-06-11T10:46:04","date_gmt":"2026-06-11T08:46:04","guid":{"rendered":"https:\/\/www.military.ch\/reconvilier\/new_site\/?page_id=2746"},"modified":"2026-08-04T21:12:18","modified_gmt":"2026-08-04T19:12:18","slug":"resultats","status":"publish","type":"page","link":"https:\/\/www.military.ch\/reconvilier\/new_site\/resultats\/","title":{"rendered":"R\u00e9sultats"},"content":{"rendered":"<h2>R\u00e9sultats<\/h2>\n<div style=\"width:120px;height:4px;background:#556b2f;margin:15px 0 25px 0;\"><\/div>\n<p><strong>Fran\u00e7ais :<\/strong> Les r\u00e9sultats officiels seront publi\u00e9s apr\u00e8s la manifestation du <strong>19 septembre 2026<\/strong>.<\/p>\n<p><strong>Deutsch :<\/strong> Die offiziellen Ranglisten werden nach der Veranstaltung vom <strong>19. September 2026<\/strong> ver\u00f6ffentlicht.<\/p>\n<p><strong>English :<\/strong> The official results will be published after the event on <strong>19 September 2026<\/strong>.<\/p>\n","protected":false},"excerpt":{"rendered":"<p>R\u00e9sultats Fran\u00e7ais : Les r\u00e9sultats officiels seront publi\u00e9s apr\u00e8s la manifestation du 19 septembre 2026. Deutsch : Die offiziellen Ranglisten werden nach der Veranstaltung vom 19. September 2026 ver\u00f6ffentlicht. English <a class=\"more-link\" href=\"https:\/\/www.military.ch\/reconvilier\/new_site\/resultats\/\">Lire la suite&#8230;<\/a><\/p>\n","protected":false},"author":6,"featured_media":0,"parent":0,"menu_order":0,"comment_status":"closed","ping_status":"closed","template":"","meta":{"footnotes":""},"class_list":["post-2746","page","type-page","status-publish","hentry"],"_links":{"self":[{"href":"https:\/\/www.military.ch\/reconvilier\/new_site\/wp-json\/wp\/v2\/pages\/2746","targetHints":{"allow":["GET"]}}],"collection":[{"href":"https:\/\/www.military.ch\/reconvilier\/new_site\/wp-json\/wp\/v2\/pages"}],"about":[{"href":"https:\/\/www.military.ch\/reconvilier\/new_site\/wp-json\/wp\/v2\/types\/page"}],"author":[{"embeddable":true,"href":"https:\/\/www.military.ch\/reconvilier\/new_site\/wp-json\/wp\/v2\/users\/6"}],"replies":[{"embeddable":true,"href":"https:\/\/www.military.ch\/reconvilier\/new_site\/wp-json\/wp\/v2\/comments?post=2746"}],"version-history":[{"count":3,"href":"https:\/\/www.military.ch\/reconvilier\/new_site\/wp-json\/wp\/v2\/pages\/2746\/revisions"}],"predecessor-version":[{"id":2916,"href":"https:\/\/www.military.ch\/reconvilier\/new_site\/wp-json\/wp\/v2\/pages\/2746\/revisions\/2916"}],"wp:attachment":[{"href":"https:\/\/www.military.ch\/reconvilier\/new_site\/wp-json\/wp\/v2\/media?parent=2746"}],"curies":[{"name":"wp","href":"https:\/\/api.w.org\/{rel}","templated":true}]}}

Résultats

<h2>Résultats</h2>
<div style="width:120px;height:4px;background:#556b2f;margin:15px 0 25px 0;"></div>
<p><strong>Français :</strong> Les résultats officiels seront publiés après la manifestation du <strong>19 septembre 2026</strong>.</p>
<p><strong>Deutsch :</strong> Die offiziellen Ranglisten werden nach der Veranstaltung vom <strong>19. September 2026</strong> veröffentlicht.</p>
<p><strong>English :</strong> The official results will be published after the event on <strong>19 September 2026</strong>.</p>

<p>Résultats Français : Les résultats officiels seront publiés après la manifestation du 19 septembre 2026. Deutsch : Die offiziellen Ranglisten werden nach der Veranstaltung vom 19. September 2026 veröffentlicht. English <a class="more-link" href="https://www.military.ch/reconvilier/new_site/resultats/">Lire la suite&#8230;</a></p>
