{"id":2749,"date":"2026-06-11T10:46:32","date_gmt":"2026-06-11T08:46:32","guid":{"rendered":"https:\/\/www.military.ch\/reconvilier\/new_site\/?page_id=2749"},"modified":"2026-08-04T21:14:11","modified_gmt":"2026-08-04T19:14:11","slug":"photos-et-videos","status":"publish","type":"page","link":"https:\/\/www.military.ch\/reconvilier\/new_site\/photos-et-videos\/","title":{"rendered":"Photos et vid\u00e9os"},"content":{"rendered":"<h2>Photos et vid\u00e9os<\/h2>\n<div style=\"width:120px;height:4px;background:#556b2f;margin:15px 0 25px 0;\"><\/div>\n<p><strong>Fran\u00e7ais :<\/strong> Les photos et vid\u00e9os officielles de la manifestation seront publi\u00e9es apr\u00e8s le <strong>19 septembre 2026<\/strong>.<\/p>\n<p><strong>Deutsch :<\/strong> Die offiziellen Fotos und Videos der Veranstaltung werden nach dem <strong>19. September 2026<\/strong> ver\u00f6ffentlicht.<\/p>\n<p><strong>English :<\/strong> The official photos and videos of the event will be published after <strong>19 September 2026<\/strong>.<\/p>\n","protected":false},"excerpt":{"rendered":"<p>Photos et vid\u00e9os Fran\u00e7ais : Les photos et vid\u00e9os officielles de la manifestation seront publi\u00e9es apr\u00e8s le 19 septembre 2026. Deutsch : Die offiziellen Fotos und Videos der Veranstaltung werden <a class=\"more-link\" href=\"https:\/\/www.military.ch\/reconvilier\/new_site\/photos-et-videos\/\">Lire la suite&#8230;<\/a><\/p>\n","protected":false},"author":6,"featured_media":0,"parent":0,"menu_order":0,"comment_status":"closed","ping_status":"closed","template":"","meta":{"footnotes":""},"class_list":["post-2749","page","type-page","status-publish","hentry"],"_links":{"self":[{"href":"https:\/\/www.military.ch\/reconvilier\/new_site\/wp-json\/wp\/v2\/pages\/2749","targetHints":{"allow":["GET"]}}],"collection":[{"href":"https:\/\/www.military.ch\/reconvilier\/new_site\/wp-json\/wp\/v2\/pages"}],"about":[{"href":"https:\/\/www.military.ch\/reconvilier\/new_site\/wp-json\/wp\/v2\/types\/page"}],"author":[{"embeddable":true,"href":"https:\/\/www.military.ch\/reconvilier\/new_site\/wp-json\/wp\/v2\/users\/6"}],"replies":[{"embeddable":true,"href":"https:\/\/www.military.ch\/reconvilier\/new_site\/wp-json\/wp\/v2\/comments?post=2749"}],"version-history":[{"count":3,"href":"https:\/\/www.military.ch\/reconvilier\/new_site\/wp-json\/wp\/v2\/pages\/2749\/revisions"}],"predecessor-version":[{"id":2917,"href":"https:\/\/www.military.ch\/reconvilier\/new_site\/wp-json\/wp\/v2\/pages\/2749\/revisions\/2917"}],"wp:attachment":[{"href":"https:\/\/www.military.ch\/reconvilier\/new_site\/wp-json\/wp\/v2\/media?parent=2749"}],"curies":[{"name":"wp","href":"https:\/\/api.w.org\/{rel}","templated":true}]}}

Photos et vidéos

<h2>Photos et vidéos</h2>
<div style="width:120px;height:4px;background:#556b2f;margin:15px 0 25px 0;"></div>
<p><strong>Français :</strong> Les photos et vidéos officielles de la manifestation seront publiées après le <strong>19 septembre 2026</strong>.</p>
<p><strong>Deutsch :</strong> Die offiziellen Fotos und Videos der Veranstaltung werden nach dem <strong>19. September 2026</strong> veröffentlicht.</p>
<p><strong>English :</strong> The official photos and videos of the event will be published after <strong>19 September 2026</strong>.</p>

<p>Photos et vidéos Français : Les photos et vidéos officielles de la manifestation seront publiées après le 19 septembre 2026. Deutsch : Die offiziellen Fotos und Videos der Veranstaltung werden <a class="more-link" href="https://www.military.ch/reconvilier/new_site/photos-et-videos/">Lire la suite&#8230;</a></p>
