{"id":37,"date":"2016-01-25T14:49:02","date_gmt":"2016-01-25T14:49:02","guid":{"rendered":"https:\/\/www.military.ch\/reconvilier\/new_site\/?page_id=37"},"modified":"2025-06-12T16:07:42","modified_gmt":"2025-06-12T14:07:42","slug":"formulaire-dadhesion","status":"publish","type":"page","link":"https:\/\/www.military.ch\/reconvilier\/new_site\/section\/formulaire-dadhesion\/","title":{"rendered":""},"content":{"rendered":"\n<h1>Demande d\u2019adh\u00e9sion<\/h2>\n\n<p>Merci de votre int\u00e9r\u00eat pour notre section !<\/p>\n\n<p>\n  <a href=\"https:\/\/www.military.ch\/reconvilier\/new_site\/wp-content\/uploads\/2019_Inscriptions.docx\" \n     target=\"_blank\" \n     rel=\"noopener noreferrer\" \n     style=\"display: inline-block; background-color: #556B2F; color: #ffffff; padding: 12px 20px; text-decoration: none; border-radius: 6px; font-weight: bold;\">\n    T\u00e9l\u00e9charger le formulaire d\u2019adh\u00e9sion (Word)\n  <\/a>\n<\/p>\n\n<p>Vous avez deux possibilit\u00e9s pour faire votre demande d\u2019adh\u00e9sion :<\/p>\n\n<ol>\n  <li><strong>T\u00e9l\u00e9charger le formulaire d\u2019adh\u00e9sion<\/strong> au format Word, le remplir manuellement, puis nous le renvoyer :\n    <ul>\n      <li>par e-mail \u00e0 l\u2019adresse indiqu\u00e9e sur le document,<\/li>\n      <li>ou par courrier postal \u00e0 l\u2019adresse de la section.<\/li>\n    <\/ul>\n  <\/li>\n  <li><strong>Remplir directement le formulaire en ligne ci-dessous<\/strong>. Un membre de notre comit\u00e9 prendra ensuite contact avec vous dans les plus brefs d\u00e9lais.<\/li>\n<\/ol>\n\n<p>Nous nous r\u00e9jouissons de faire votre connaissance et de vous accueillir prochainement parmi nous !<\/p>\n\n\n<p>Les champs marqu\u00e9s d&rsquo;une <span style=\"color:red;\">*<\/span> sont obligatoires.<\/p>\n\n\n<div class=\"frm_forms  with_frm_style frm_style_formidable-style\" id=\"frm_form_3_container\" >\n<form enctype=\"multipart\/form-data\" method=\"post\" class=\"frm-show-form \" id=\"form_inscription\" >\n<div class=\"frm_form_fields \">\n<fieldset>\n<legend class=\"frm_hidden\">Formulaire d'adh\u00e9sion<\/legend>\r\n\r\n<div class=\"frm_fields_container\">\n<input type=\"hidden\" name=\"frm_action\" value=\"create\" \/>\n<input type=\"hidden\" name=\"form_id\" value=\"3\" \/>\n<input type=\"hidden\" name=\"frm_hide_fields_3\" id=\"frm_hide_fields_3\" value=\"\" \/>\n<input type=\"hidden\" name=\"form_key\" value=\"inscription\" \/>\n<input type=\"hidden\" name=\"item_meta[0]\" value=\"\" \/>\n<input type=\"hidden\" id=\"frm_submit_entry_3\" name=\"frm_submit_entry_3\" value=\"0c43e48035\" \/><input type=\"hidden\" name=\"_wp_http_referer\" value=\"\/reconvilier\/new_site\/wp-json\/wp\/v2\/pages\/37\" \/><div id=\"frm_field_15_container\" class=\"frm_form_field form-field  frm_top_container vertical_radio\">\r\n    <label  class=\"frm_primary_label\">Titre\r\n        <span class=\"frm_required\"><\/span>\r\n    <\/label>\r\n    <div class=\"frm_opt_container\">\t\t<div class=\"frm_radio\" id=\"frm_radio_15-0\">\t\t\t<label  for=\"field_lzv9i-0\">\n\t\t\t\t\t<input type=\"radio\" name=\"item_meta[15]\" id=\"field_lzv9i-0\" value=\"Monsieur\"\n\t\t data-invmsg=\"Titre est non valide\"   \/> Monsieur<\/label><\/div>\n\t\t<div class=\"frm_radio\" id=\"frm_radio_15-1\">\t\t\t<label  for=\"field_lzv9i-1\">\n\t\t\t\t\t<input type=\"radio\" name=\"item_meta[15]\" id=\"field_lzv9i-1\" value=\"Madame\"\n\t\t data-invmsg=\"Titre est non valide\"   \/> Madame<\/label><\/div>\n<\/div>\r\n    \r\n    \r\n<\/div>\n<div id=\"frm_field_30_container\" class=\"frm_form_field form-field  frm_top_container\">\r\n    <label for=\"field_jpo6b\" class=\"frm_primary_label\">Grade\r\n        <span class=\"frm_required\"><\/span>\r\n    <\/label>\r\n    \t\t<select name=\"item_meta[30]\" id=\"field_jpo6b\"  data-frmval=\"Recr\" data-invmsg=\"Grade est non valide\" aria-invalid=\"false\"  >\n\t\t<option  value=\"Recr\" selected='selected'>Recr<\/option><option  value=\"Sdt\">Sdt<\/option><option  value=\"App\">App<\/option><option  value=\"App chef\">App chef<\/option><option  value=\"Cpl\">Cpl<\/option><option  value=\"Sgt\">Sgt<\/option><option  value=\"Sgt chef\">Sgt chef<\/option><option  value=\"Four\">Four<\/option><option  value=\"Sgtm\">Sgtm<\/option><option  value=\"Sgtm chef\">Sgtm chef<\/option><option  value=\"Adj sof\">Adj sof<\/option><option  value=\"Adj EM\">Adj EM<\/option><option  value=\"Adj maj\">Adj maj<\/option><option  value=\"Adj chef\">Adj chef<\/option><option  value=\"Lt\">Lt<\/option><option  value=\"Plt\">Plt<\/option><option  value=\"Cap\">Cap<\/option><option  value=\"Maj\">Maj<\/option><option  value=\"Lt-col\">Lt-col<\/option><option  value=\"Col\">Col<\/option><option  value=\"Br\">Br<\/option><option  value=\"Div\">Div<\/option><option  value=\"Cdt c\">Cdt c<\/option><option  value=\"Gen\">Gen<\/option>\t<\/select>\n\t\r\n    \r\n    \r\n<\/div>\n<div id=\"frm_field_8_container\" class=\"frm_form_field form-field  frm_required_field frm_top_container frm12 frm_first\">\r\n    <label for=\"field_qh4icy2\" class=\"frm_primary_label\">Pr\u00e9nom\r\n        <span class=\"frm_required\">*<\/span>\r\n    <\/label>\r\n    <input type=\"text\" id=\"field_qh4icy2\" name=\"item_meta[8]\" value=\"\"  data-reqmsg=\"Ce champ ne peut pas \u00eatre vide\" aria-required=\"true\" data-invmsg=\"Pr\u00e9nom est non valide\" aria-invalid=\"false\"  \/>\r\n    \r\n    \r\n<\/div>\n<div id=\"frm_field_9_container\" class=\"frm_form_field form-field  frm_required_field frm_top_container frm12 frm_first\">\r\n    <label for=\"field_ocfup12\" class=\"frm_primary_label\">Nom\r\n        <span class=\"frm_required\">*<\/span>\r\n    <\/label>\r\n    <input type=\"text\" id=\"field_ocfup12\" name=\"item_meta[9]\" value=\"\"  data-reqmsg=\"Ce champ ne peut pas \u00eatre vide\" aria-required=\"true\" data-invmsg=\"Nom est non valide\" aria-invalid=\"false\"  \/>\r\n    \r\n    \r\n<\/div>\n<div id=\"frm_field_26_container\" class=\"frm_form_field form-field  frm_required_field frm_top_container\">\r\n    <label for=\"field_c47gc\" class=\"frm_primary_label\">Date de naissance\r\n        <span class=\"frm_required\">*<\/span>\r\n    <\/label>\r\n    <input type=\"text\" id=\"field_c47gc\" name=\"item_meta[26]\" value=\"\"  data-reqmsg=\"Ce champ ne peut pas \u00eatre vide\" aria-required=\"true\" data-invmsg=\"Date de naissance non valide\" aria-invalid=\"false\" pattern=\"\\d\\d\\.\\d\\d\\.\\d\\d\\d\\d$\"   aria-describedby=\"frm_desc_field_c47gc\"\/>\r\n    <div id=\"frm_desc_field_c47gc\" class=\"frm_description\">jj.mm.aaaa<\/div>\r\n    \r\n<\/div>\n<div id=\"frm_field_27_container\" class=\"frm_form_field form-field  frm_required_field frm_top_container\">\r\n    <label for=\"field_t3o6k\" class=\"frm_primary_label\">Num\u00e9ro AVS\r\n        <span class=\"frm_required\">*<\/span>\r\n    <\/label>\r\n    <input type=\"text\" id=\"field_t3o6k\" name=\"item_meta[27]\" value=\"\"  data-reqmsg=\"Ce champ ne peut pas \u00eatre vide\" aria-required=\"true\" data-invmsg=\"Num\u00e9ro AVS non valide\" aria-invalid=\"false\" pattern=\"\\d\\d\\d\\.\\d\\d\\d\\d\\.\\d\\d\\d\\d\\.\\d\\d$\"   aria-describedby=\"frm_desc_field_t3o6k\"\/>\r\n    <div id=\"frm_desc_field_t3o6k\" class=\"frm_description\">(756.xxxx.xxxx.xx)<\/div>\r\n    \r\n<\/div>\n<div id=\"frm_field_40_container\" class=\"frm_form_field form-field  frm_top_container\">\r\n    <label for=\"field_d9f5t\" id=\"field_d9f5t_label\" class=\"frm_primary_label\">Incorporation militaire\r\n        <span class=\"frm_required\"><\/span>\r\n    <\/label>\r\n    <input type=\"text\" id=\"field_d9f5t\" name=\"item_meta[40]\" value=\"\"  data-invmsg=\"texte est non valide\" aria-invalid=\"false\"   aria-describedby=\"frm_desc_field_d9f5t\"\/>\r\n    <div class=\"frm_description\" id=\"frm_desc_field_d9f5t\">Par ex: ER inf 2, cp car 14\/1<\/div>\r\n    \r\n<\/div>\n<div id=\"frm_field_28_container\" class=\"frm_form_field form-field  frm_required_field frm_top_container\">\r\n    <label for=\"field_22vcr\" class=\"frm_primary_label\">Adresse\r\n        <span class=\"frm_required\">*<\/span>\r\n    <\/label>\r\n    <input type=\"text\" id=\"field_22vcr\" name=\"item_meta[28]\" value=\"\"  data-reqmsg=\"Ce champ ne peut pas \u00eatre vide\" aria-required=\"true\" data-invmsg=\"Adresse est non valide\" aria-invalid=\"false\"   aria-describedby=\"frm_desc_field_22vcr\"\/>\r\n    <div id=\"frm_desc_field_22vcr\" class=\"frm_description\">Rue et N\u00b0<\/div>\r\n    \r\n<\/div>\n<div id=\"frm_field_29_container\" class=\"frm_form_field form-field  frm_required_field frm_top_container\">\r\n    <label for=\"field_gh500\" class=\"frm_primary_label\">NPA Localit\u00e9\r\n        <span class=\"frm_required\">*<\/span>\r\n    <\/label>\r\n    <input type=\"text\" id=\"field_gh500\" name=\"item_meta[29]\" value=\"\"  data-reqmsg=\"Ce champ ne peut pas \u00eatre vide\" aria-required=\"true\" data-invmsg=\"NPA Localit\u00e9 est non valide\" aria-invalid=\"false\"  \/>\r\n    \r\n    \r\n<\/div>\n<div id=\"frm_field_38_container\" class=\"frm_form_field form-field  frm_required_field frm_top_container\">\r\n    <label for=\"field_6ehr2\" class=\"frm_primary_label\">Num\u00e9ro de t\u00e9l\u00e9phone\r\n        <span class=\"frm_required\">*<\/span>\r\n    <\/label>\r\n    <input type=\"tel\" id=\"field_6ehr2\" name=\"item_meta[38]\" value=\"\"  data-reqmsg=\"Ce champ ne peut pas \u00eatre vide\" aria-required=\"true\" data-invmsg=\"Num\u00e9ro non valide\" aria-invalid=\"false\" pattern=\"\\d\\d\\d\\d\\d\\d\\d\\d\\d\\d$\"   aria-describedby=\"frm_desc_field_6ehr2\"\/>\r\n    <div class=\"frm_description\" id=\"frm_desc_field_6ehr2\">(0xxxxxxxxx)\r\nPrio 1: mobile; prio 2: ligne fixe<\/div>\r\n    \r\n<\/div>\n<div id=\"frm_field_10_container\" class=\"frm_form_field form-field  frm_required_field frm_top_container frm_full\">\r\n    <label for=\"field_29yf4d2\" class=\"frm_primary_label\">Email\r\n        <span class=\"frm_required\">*<\/span>\r\n    <\/label>\r\n    <input type=\"email\" id=\"field_29yf4d2\" name=\"item_meta[10]\" value=\"\"  data-reqmsg=\"Ce champ ne peut pas \u00eatre vide\" aria-required=\"true\" data-invmsg=\"Entrez une adresse mail valide\" aria-invalid=\"false\"   aria-describedby=\"frm_desc_field_29yf4d2\"\/>\r\n    <div id=\"frm_desc_field_29yf4d2\" class=\"frm_description\">Votre adresse e-mail pour recevoir la confirmation d\u2019adh\u00e9sion et \u00eatre inform\u00e9 de nos prochaines activit\u00e9s.<\/div>\r\n    \r\n<\/div>\n<div id=\"frm_field_13_container\" class=\"frm_form_field form-field  frm_top_container frm_full\">\r\n    <label for=\"field_9jv0r12\" class=\"frm_primary_label\">Remarques\r\n        <span class=\"frm_required\"><\/span>\r\n    <\/label>\r\n    <textarea name=\"item_meta[13]\" id=\"field_9jv0r12\" rows=\"5\"  data-invmsg=\"Remarques est non valide\" aria-invalid=\"false\"  ><\/textarea>\r\n    \r\n    \r\n<\/div>\n<div id=\"frm_field_49_container\" class=\"frm_form_field form-field  frm_none_container\">\r\n\t<label for=\"g-recaptcha-response\" id=\"field_p2cq6_label\" class=\"frm_primary_label\">Captcha\r\n\t\t<span class=\"frm_required\" aria-hidden=\"true\"><\/span>\r\n\t<\/label>\r\n\t<div  id=\"field_p2cq6\" class=\"frm-g-recaptcha\" data-sitekey=\"6LeWPlcmAAAAALnyyMfv566FMPDMvur0VLZmRxiw\" data-size=\"normal\" data-theme=\"light\"><\/div>\r\n\t\r\n\t\r\n<\/div>\n<div id=\"frm_field_43_container\" class=\"frm_form_field form-field \">\r\n\t<div class=\"frm_submit\">\r\n\r\n<button class=\"frm_button_submit\" type=\"submit\"  >Envoyer<\/button>\r\n\r\n<\/div>\r\n<\/div>\n\t<input type=\"hidden\" name=\"item_key\" value=\"\" \/>\n\t\t\t<div id=\"frm_field_50_container\">\n\t\t\t<label for=\"field_9yfam\" >\n\t\t\t\tSi vous \u00eates un humain, ne remplissez pas ce champ.\t\t\t<\/label>\n\t\t\t<input  id=\"field_9yfam\" type=\"text\" class=\"frm_form_field form-field frm_verify\" name=\"item_meta[50]\" value=\"\"  \/>\n\t\t<\/div>\n\t\t<input name=\"frm_state\" type=\"hidden\" value=\"QkiWqSa2i\/dsgd2H7k8ycRpb\/HJ0QCWhXM9e9gfGDIw=\" \/><\/div>\n<\/fieldset>\n<\/div>\n\n<\/form>\n<\/div>\n\n","protected":false},"excerpt":{"rendered":"<p>Demande d\u2019adh\u00e9sion Merci de votre int\u00e9r\u00eat pour notre section ! T\u00e9l\u00e9charger le formulaire d\u2019adh\u00e9sion (Word) Vous avez deux possibilit\u00e9s pour faire votre demande d\u2019adh\u00e9sion : T\u00e9l\u00e9charger le formulaire d\u2019adh\u00e9sion au <a class=\"more-link\" href=\"https:\/\/www.military.ch\/reconvilier\/new_site\/section\/formulaire-dadhesion\/\">Lire la suite&#8230;<\/a><\/p>\n","protected":false},"author":2,"featured_media":0,"parent":15,"menu_order":0,"comment_status":"closed","ping_status":"closed","template":"","meta":{"footnotes":""},"class_list":["post-37","page","type-page","status-publish","hentry"],"_links":{"self":[{"href":"https:\/\/www.military.ch\/reconvilier\/new_site\/wp-json\/wp\/v2\/pages\/37","targetHints":{"allow":["GET"]}}],"collection":[{"href":"https:\/\/www.military.ch\/reconvilier\/new_site\/wp-json\/wp\/v2\/pages"}],"about":[{"href":"https:\/\/www.military.ch\/reconvilier\/new_site\/wp-json\/wp\/v2\/types\/page"}],"author":[{"embeddable":true,"href":"https:\/\/www.military.ch\/reconvilier\/new_site\/wp-json\/wp\/v2\/users\/2"}],"replies":[{"embeddable":true,"href":"https:\/\/www.military.ch\/reconvilier\/new_site\/wp-json\/wp\/v2\/comments?post=37"}],"version-history":[{"count":15,"href":"https:\/\/www.military.ch\/reconvilier\/new_site\/wp-json\/wp\/v2\/pages\/37\/revisions"}],"predecessor-version":[{"id":2105,"href":"https:\/\/www.military.ch\/reconvilier\/new_site\/wp-json\/wp\/v2\/pages\/37\/revisions\/2105"}],"up":[{"embeddable":true,"href":"https:\/\/www.military.ch\/reconvilier\/new_site\/wp-json\/wp\/v2\/pages\/15"}],"wp:attachment":[{"href":"https:\/\/www.military.ch\/reconvilier\/new_site\/wp-json\/wp\/v2\/media?parent=37"}],"curies":[{"name":"wp","href":"https:\/\/api.w.org\/{rel}","templated":true}]}}